onvert 3 (base 7) to base 6.
3
Convert 5 (base 8) to base 4.
11
Convert 41 (base 6) to base 7.
34
-2 (base 14) to base 11
-2
Convert -4 (base 5) to base 2.
-100
What is -3 (base 7) in base 13?
-3
87 (base 9) to base 12
67
What is -115 (base 7) in base 12?
-51
Convert -202 (base 3) to base 5.
-40
What is -1 (base 12) in base 16?
-1
Convert 3 (base 14) to base 2.
11
23 (base 12) to base 5
102
-5c (base 13) to base 11
-70
-a (base 12) to base 16
-a
What is 6 (base 10) in base 12?
6
What is 1 (base 11) in base 6?
1
-b (base 15) to base 13
-b
What is 6 (base 15) in base 6?
10
What is 3 (base 4) in base 8?
3
Convert 14 (base 15) to base 6.
31
Convert -3 (base 12) to base 2.
-11
-158 (base 16) to base 3
-110202
Convert -17 (base 9) to base 16.
-10
-60 (base 14) to base 5
-314
Convert -3b (base 15) to base 7.
-110
Convert 21 (base 3) to base 11.
7
What is -ab (base 16) in base 2?
-10101011
-6 (base 14) to base 5
-11
-111 (base 9) to base 2
-1011011
What is -2 (base 10) in base 15?
-2
-9 (base 10) to base 6
-13
10 (base 12) to base 3
110
What is 7 (base 8) in base 13?
7
What is -306 (base 7) in base 5?
-1103
What is 12 (base 10) in base 3?
110
What is 25 (base 13) in base 8?
37
-7 (base 16) to base 9
-7
-6 (base 13) to base 6
-10
Convert -121 (base 3) to base 7.
-22
-2 (base 14) to base 10
-2
-200 (base 3) to base 13
-15
-30 (base 10) to base 9
-33
Convert 132 (base 5) to base 10.
42
19 (base 14) to base 3
212
Convert 1 (base 14) to base 3.
1
What is -312 (base 6) in base 8?
-164
-3 (base 8) to base 15
-3
What is -10 (base 2) in base 12?
-2
What is 10 (base 4) in base 2?
100
3 (base 14) to base 8
3
Convert 305 (base 6) to base 15.
78
Convert -4 (base 15) to base 2.
-100
Convert 340 (base 5) to base 4.
1133
What is 303 (base 9) in base 11?
204
What is -6 (base 15) in base 3?
-20
What is -165 (base 12) in base 8?
-335
Convert 3 (base 5) to base 2.
11
2122 (base 3) to base 2
1000111
123 (base 11) to base 14
a6
Convert 10000 (base 3) to base 9.
100
What is -3 (base 12) in base 2?
-11
What is 0 (base 3) in base 6?
0
Convert -15 (base 13) to base 11.
-17
Convert 41 (base 10) to base 2.
101001
Convert 0 (base 6) to base 13.
0
What is 4 (base 10) in base 15?
4
-45 (base 11) to base 8
-61
What is -175 (base 16) in base 2?
-101110101
Convert -7 (base 14) to base 9.
-7
Convert 0 (base 9) to base 8.
0
What is -6 (base 10) in base 4?
-12
What is 50 (base 13) in base 6?
145
-16 (base 10) to base 4
-100
Convert 1032 (base 5) to base 4.
2032
100111001 (base 2) to base 12
221
What is 33 (base 15) in base 2?
110000
Convert 12 (base 7) to base 16.
9
What is -50 (base 10) in base 16?
-32
What is 14 (base 14) in base 10?
18
Convert 10 (base 16) to base 5.
31
What is -c (base 13) in base 15?
-c
Convert 5 (base 8) to base 9.
5
Convert 10001110 (base 2) to base 6.
354
Convert -5 (base 12) to base 5.
-10
What is -22 (base 10) in base 3?
-211
What is -9 (base 12) in base 3?
-100
-11011001 (base 2) to base 5
-1332
3 (base 8) to base 12
3
Convert -101 (base 2) to base 6.
-5
What is 3 (base 16) in base 8?
3
What is 42 (base 15) in base 8?
76
Convert -10011 (base 2) to base 15.
-14
2 (base 13) to base 14
2
Convert 33 (base 7) to base 11.
22
2 (base 13) to base 2
10
What is -3 (base 4) in base 14?
-3
Convert 11 (base 10) to base 14.
b
What is 15 (base 6) in base 2?
1011
What is 5 (base 12) in base 14?
5
What is 0 (base 8) in base 4?
0
Convert 1 (base 3) to base 12.
1
Convert -2 (base 16) to base 4.
-2
Convert -4 (base 11) to base 13.
-4
What is -20 (base 6) in base 3?
-110
0 (base 8) to base 15
0
221 (base 3) to base 16
19
Convert -5 (base 6) to base 2.
-101
-132 (base 5) to base 7
-60
What is 31 (base 14) in base 3?
1121
Convert -2e (base 15) to base 6.
-112
Convert -10 (base 3) to base 2.
-11
What is -25 (base 6) in base 2?
-10001
Convert -13 (base 14) to base 10.
-17
What is -201 (base 4) in base 8?
-41
What is 60 (base 7) in base 15?
2c
-2312 (base 4) to base 14
-d0
What is 5a (base 14) in base 9?
88
-43 (base 10) to base 3
-1121
Convert -7 (base 8) to base 16.
-7
3 (base 9) to base 3
10
What is c4 (base 16) in base 3?
21021
2 (base 8) to base 12
2
23 (base 9) to base 3
210
Convert 1 (base 8) to base 12.
1
-1001110 (base 2) to base 15
-53
What is -c (base 16) in base 6?
-20
What is -a5 (base 16) in base 11?
-140
2 (base 6) to base 11
2
305 (base 6) to base 5
423
Convert 1c (base 15) to base 8.
33
Convert -3 (base 16) to base 15.
-3
4 (base 13) to base 14
4
Convert -43 (base 13) to base 3.
-2001
What is 4 (base 9) in base 13?
4
What is -100 (base 6) in base 11?
-33
-53 (base 8) to base 16
-2b
21 (base 5) to base 11
10
What is 72 (base 11) in base 2?
1001111
0 (base 3) to base 9
0
Convert 1122 (base 3) to base 12.
38
-10 (base 6) to base 10
-6
What is -31 (base 10) in base 7?
-43
Convert 153 (base 6) to base 7.
126
Convert 0 (base 11) to base 15.
0
What is 12 (base 6) in base 3?
22
What is -11121 (base 4) in base 8?
-531
What is -7 (base 13) in base 15?
-7
What is 222 (base 6) in base 8?
126
0 (base 11) to base 12
0
0 (base 2) to base 8
0
Convert -48 (base 9) to base 10.
-44
-27 (base 15) to base 13
-2b
16 (base 13) to base 15
14
Convert 11 (base 12) to base 11.
12
-13 (base 6) to base 16
-9
Convert 17 (base 9) to base 3.
121
Convert -10 (base 15) to base 2.
-1111
What is 224 (base 7) in base 2?
1110100
Convert -15 (base 14) to base 12.
-17
What is 3 (base 14) in base 12?
3
0 (base 2) to base 13
0
222 (base 4) to base 8
52
What is -3 (base 13) in base 3?
-10
What is -14 (base 5) in base 4?
-21
24 (base 12) to base 14
20
66 (base 10) to base 9
73
12202 (base 3) to base 7
311
What is -1 (base 16) in base 3?
-1
What is 1 (base 11) in base 8?
1
Convert 4 (base 11) to base 12.
4
What is 1011 (base 2) in base 12?
b
Convert -101 (base 2) to base 5.
-10
Convert 3 (base 13) to base 5.
3
-102 (base 16) to base 11
-215
Convert -7 (base 9) to base 13.
-7
What is -122 (base 10) in base 5?
-442
What is 1 (base 9) in base 5?
1
-113 (base 5) to base 10
-33
Convert 412 (base 8) to base 7.
530
10101 (base 2) to base 4
111
Convert -7 (base 9) to base 8.
-7
35 (base 10) to base 6
55
Convert 2 (base 4) to base 8.
2
What is -15c (base 14) in base 6?
-1142
What is 0 (base 13) in base 5?
0
-21 (base 10) to base 5
-41
1010 (base 2) to base 7
13
Convert 6 (base 14) to base 8.
6
What is -1b (base 14) in base 15?
-1a
What is -6 (base 15) in base 6?
-10
Convert -31 (base 4) to base 13.
-10
3 (base 5) to base 9
3
-d (base 16) to base 8
-15
-1 (base 3) to base 5
-1
What is 15 (base 10) in base 2?
1111
Convert -15 (base 7) to base 10.
-12
-16 (base 7) to base 15
-d
Convert -33 (base 7) to base 8.
-30
-3 (base 6) to base 13
-3
Convert -11 (base 2) to base 13.
-3
Convert 2 (base 12) to base 8.
2
-2 (base 13) to base 14
-2
Convert 3 (base 4) to base 16.
3
What is 12 (base 3) in base 4?
11
What is -3 (base 11) in base 12?
-3
What is -7 (base 10) in base 6?
-11
Convert -10 (base 3) to base 4.
-3
Convert 23 (base 5) to base 8.
15
What is 0 (base 16) in base 11?
0
27 (base 10) to base 6
43
3 (base 13) to base 8
3
What is -222 (base 4) in base 7?
-60
6 (base 16) to base 5
11
What is 1013 (base 6) in base 3?
22100
-42 (base 5) to base 8
-26
What is 12 (base 10) in base 6?
20
3 (base 16) to base 11
3
What is 21 (base 3) in base 13?
7
Convert -2 (base 16) to base 8.
-2
10 (base 3) to base 7
3
1 (base 5) to base 15
1
Convert -4 (base 16) to base 14.
-4
Convert -3 (base 10) to base 6.
-3
-15 (base 16) to base 12
-19
Convert -16 (base 10) to base 11.
-15
Convert 7 (base 9) to base 10.
7
What is -2 (base 4) in base 7?
-2
What is 0 (base 15) in base 4?
0
What is -1 (base 12) in base 11?
-1
Convert 1 (base 8) to base 2.
1
What is 1110 (base 3) in base 4?
213
What is -202 (base 4) in base 12?
-2a
What is 72 (base 8) in base 16?
3a
-10 (base 2) to base 3
-2
What is 2 (base 3) in base 16?
2
13 (base 4) to base 14
7
113 (base 8) to base 9
83
-1011 (base 2) to base 15
-b
22 (base 16) to base 8
42
-3 (base 5) to base 13
-3
Convert 211 (base 4) to base 7.
52
What is -101020 (base 3) in base 15?
-136
What is 20 (base 3) in base 12?
6
What is b9 (base 16) in base 10?
185
Convert -10 (base 2) to base 10.
-2
What is -34 (base 8) in base 11?
-26
What is -132 (base 7) in base 10?
-72
What is -11 (base 11) in base 12?
-10
32 (base 14) to